- w*s, 0 = 5*z - 5*s - 15. List the prime factors of z.
2
Suppose -3*l - 4*f = 7, 0 = -4*l + 4*f - 2 - 26. Suppose 0 = -3*k + k - 6. Let o = k - l. What are the prime factors of o?
2
Let o = 76 + -54. What are the prime factors of o?
2, 11
Suppose -2*o - u = -6*o + 112, -o + 4*u + 28 = 0. Suppose 5*d = -y + 24, 5*y - o = 2*y - 4*d. Suppose -3*w + y*w = 8. What are the prime factors of w?
2
Let c = -4 - -7. Let j be ((-3)/(-3) - c)/2. What are the prime factors of (-10)/4*(j + -1)?
5
Suppose -3*u + 5 = -43. Let y = u + -11. What are the prime factors of y?
5
Let y(h) = -h**3 + 2*h**2 + 3*h + 4. Suppose 4*q + 23 = -5*a + 58, 13 = -4*a + 5*q. What are the prime factors of y(a)?
2
Let w be (2 - 12/9)*-3. Let y be (-1)/w + 6/(-12). Suppose 4*m + 3*i - 40 = y, 5*m - 4*i - i - 50 = 0. What are the prime factors of m?
2, 5
Suppose -o = -2*y + 312, 2*o - o - 478 = -3*y. List the prime factors of y.
2, 79
Let u = 5 - 2. Let a = u + 3. What are the prime factors of a?
2, 3
Let w(r) = 0*r + 2*r + 0*r. What are the prime factors of w(3)?
2, 3
Suppose 12*a - 13*a = -64. Let u = -45 + a. List the prime factors of u.
19
Suppose 0 = z - 4 - 7. What are the prime factors of z - (-3)/(-6)*-2?
2, 3
Suppose s + 2*t - 13 = 0, 0 = -2*s + t + 15 + 16. Let y(w) = -w**3 + 3*w**2 + 4*w - 2. Let c be y(4). List the prime factors of ((-4)/3)/(c/s).
2, 5
Suppose 5*c = -4*p + 159, 158 = -0*c + 5*c + 3*p. Let k = -45 + 25. Let t = c + k. What are the prime factors of t?
11
Let n = 0 + 0. Let m be -2 - (-1 - n) - -1. Suppose m = 3*z - 30. List the prime factors of z.
2, 5
Let v(g) = -g**3 + 9*g**2 - 1. Let q be v(9). What are the prime factors of q/(196/(-96) + 2)?
2, 3
Suppose -51 = -3*i + 3*m, -4*i + 6*i - 40 = -m. Let r(q) = -q - 3. Let v be r(-6). Suppose -i = -v*p + 29. What are the prime factors of p?
2
Suppose -67 = -2*v + 127. List the prime factors of v.
97
Suppose 5*u + 262 = 3*n, -4*n + 306 = -u + 3*u. List the prime factors of n.
79
Let z = 38 + 5. List the prime factors of z.
43
Let j(y) be the second derivative of -y**4/12 - 3*y**3/2 - 2*y**2 + y. Suppose g - 7 = -13. What are the prime factors of j(g)?
2, 7
What are the prime factors of (-8)/(39/10 + -4)?
2, 5
Suppose 0 = 4*x - 0*x + 40. Let n = 5 + x. Let w = n - -18. List the prime factors of w.
13
Let z = -46 + 25. What are the prime factors of (-6)/z + (-472)/(-14)?
2, 17
Let i(m) = m**3 - 12*m**2 + 16. Let r be i(12). What are the prime factors of (0 - 1) + 3 + r?
2, 3
Let m(q) be the first derivative of 1/4*q**4 + 7/3*q**3 + 2 + 0*q + 2*q**2. List the prime factors of m(-6).
2, 3
Suppose -2*i - 3*y = -62, 4*i + y - 21 - 83 = 0. List the prime factors of i.
5
Let i = 2 + -5. Let t = 5 + i. List the prime factors of t.
2
Suppose -8 = -2*y - 0. Let c(s) = s - 8. Let m(p) = -2*p + 15. Let i(g) = -11*c(g) - 6*m(g). List the prime factors of i(y).
2
Let i(w) be the third derivative of 4*w**6/15 + w**4/12 - w**3/3 + 6*w**2. List the prime factors of i(1).
2
Let w = 10 - 14. Let r = -1 - w. What are the prime factors of (-1)/1 + r - -8?
2, 5
Suppose -575 = -2*c - 6*o + o, -c = o - 280. What are the prime factors of c?
5, 11
Let b be (6 + -3)/6*10. Let t(m) = -9*m + 4. Let i be t(-4). Suppose 3*r - 65 = 2*d, i + 85 = 5*r + b*d. List the prime factors of r.
23
Let a be ((-12)/24)/((-2)/(-36)). Let x(k) = -k**2 - 14*k - 8. What are the prime factors of x(a)?
37
Let x be (-45)/20 + 1/4. Let p(t) = -5*t**2 - t + 2. Let k(r) = 9*r**2 + 2*r - 3. Let n(j) = 4*k(j) + 7*p(j). What are the prime factors of n(x)?
2
Let t = -49 + 65. What are the prime factors of t?
2
Suppose -q + 0*q - 5*m = 24, -3*m - 16 = q. Let u = 6 + q. Suppose 4*p - 21 = -f + 6, 0 = u*p - 5*f + 3. List the prime factors of p.
2, 3
Suppose 5*a - 60 = -0*a. Suppose b - a = 15. What are the prime factors of b?
3
Let c = 5 - 2. Let o(s) = -s**3 - 3*s + 3. Let n be o(2). Let g = c - n. List the prime factors of g.
2, 7
Suppose 5*g - 3*w = w + 1510, -3*g + 874 = 4*w. List the prime factors of g.
2, 149
Let j = -4 - -2. Let x be (-40)/(-12) + j/6. Suppose 2*b - c + x = 18, 0 = -3*b - 2*c + 12. What are the prime factors of b?
2, 3
Let d = 61 + -42. What are the prime factors of d?
19
Let l(z) = z + 1. Suppose -2*v = 2*v - 8. Let i be l(v). Suppose 16 = i*k - 20. List the prime factors of k.
2, 3
Suppose 5*q - 2*q = 12. What are the prime factors of ((-9)/(-6))/(q/8)?
3
Suppose -3*b - 2*v = -96, 3*b + 2*b + 3*v - 159 = 0. What are the prime factors of b?
2, 3, 5
Let m be 150/12 + 2/(-4). List the prime factors of -2 - m/(-3) - -10.
2, 3
Let i(t) = -t + 2. Let g(d) = d**2 + 4*d - 3. Let j be g(-4). Let o be i(j). Let y = o + -1. List the prime factors of y.
2
Suppose -30 - 22 = -v. Suppose -3 = 3*j, -5*s + s + v = -4*j. What are the prime factors of s?
2, 3
Let z = -2 - -4. Let x = 98 - 54. Suppose 0 = z*s + 2*s - x. List the prime factors of s.
11
Suppose -4*s = -5 + 1. Let v be (s/(-3))/((-2)/30). Suppose 2*t - v*f - 16 = -2*t, 3*f = 0. List the prime factors of t.
2
Let o be (-1)/3 - 10/(-3). Let s be 1*16 + o + -5. Let u = 24 - s. List the prime factors of u.
2, 5
Let w = 156 + -98. Let q = -1 + 5. Suppose -2*f - q*k + w = 0, -3*f = -3*k + k - 47. List the prime factors of f.
19
Suppose -4*f - 13 = -5*f. Let r = -10 + f. Let y = 9 + r. What are the prime factors of y?
2, 3
Suppose r + 3*r + 3*l = 148, -5*l = -5*r + 185. List the prime factors of r.
37
Suppose t = 3*y - 16 - 4, -4*y = 4*t - 16. Suppose 2*g - 8 = 0, -2*k - 2*g + y*g = -38. List the prime factors of k.
3
Let z(d) = -d**2 - 16*d - 5. Let o be z(-13). Let a = o - 18. List the prime factors of a.
2
Suppose 2*f - 4*f = -50. Suppose -30 = -3*z + 21. Let t = f - z. What are the prime factors of t?
2
Let u = -25 + 48. List the prime factors of u.
23
Let c(p) = -p**2 - 5*p + 5. Let g be c(-4). Suppose -5*i + 3*n = 25, 2*n + n = -3*i + g. Let q = 5 - i. What are the prime factors of q?
7
Let r = 7 - 6. Let v = r + 5. Let s = v + 3. What are the prime factors of s?
3
Let z(n) = 6*n**2 - n. Let h be z(1). Suppose 0 = 5*f - 4*k + 4, 0*k - 4 = -4*k. Suppose f = h*a - 4 - 36. List the prime factors of a.
2
Let r be 20/15*(-6)/(-4). Suppose 3*m = r*k - 39, -5*k - 2*m + 41 = -28. Let g = k - 10. List the prime factors of g.
5
Let w(p) be the first derivative of -1 - p + 2/3*p**3 + 2*p**2. List the prime factors of w(-3).
5
Let b be ((-5)/(-2) - 3)*0. Suppose 0 = 2*t + 5*q - 17, b = 5*t - 5*q + q - 59. What are the prime factors of t?
11
Let b = 0 - -4. Suppose -g + 31 = b*c, c - 11 + 52 = g. List the prime factors of g.
3, 13
Let c(k) = k + 2. Let d be c(2). Suppose -4*n + h - 44 = 0, 5*h - d = 16. List the prime factors of ((-4)/n)/((-5)/(-150)).
2, 3
Let v = -24 + 48. Suppose -5*f - 5 + v = -2*h, -5*f + 4*h + 13 = 0. What are the prime factors of f?
5
Let s(i) = -29*i + 11. What are the prime factors of s(-4)?
127
Let x(o) = 2*o**2 - 2*o - 1. Let b be x(-1). Let u be (b + -1)*(-9)/18. Let s = u + 15. What are the prime factors of s?
2, 7
Let h(v) = -10*v - 1. Let w be h(2). Let c be 6/(w/(-6) + -3). What are the prime factors of (8/c)/(4/54)?
3
Suppose -2*h - 24 = -4*h - a, 5*h + 4*a = 66. Let g be ((-6)/15)/((-2)/10). Suppose -h = -g*w + 2*x - 2, 3*w - 5*x = 8. List the prime factors of w.
2, 3
Let y(w) = 22*w - 21. List the prime factors of y(4).
67
Let f(g) = -g**2 + 13*g - 5. Let v be f(12). Let m = v - -2. What are the prime factors of m?
3
Let d(x) = -2*x**2 - x. Let v be d(1). What are the prime factors of v + (-42)/((-2)/1)?
2, 3
Let o(q) = q**2 + q - 4. Let v be o(5). Suppose 4*r + v = -6. What are the prime factors of (r/12)/((-1)/12)?
2
What are the prime factors of (-40 + -2 + -1)*-2?
2, 43
What are the prime factors of ((-40)/(-12))/(10/525)?
5, 7
Let j = 5 + -3. Suppose 2*l + 2 = 6. Suppose -y - l*y + 14 = -2*a, j*y - 3*a - 16 = 0. What are the prime factors of y?
2
Suppose 1 - 5 = -2*m + 3*f, -2*m = -2*f - 6. Let v(a) be the first derivative of a**4/4 - 5*a**3/3 + 3*a**2/2 - 6*a + 2. What are the prime factors of v(m)?
3
Suppose -2 - 43 = -3*c. List the prime factors of c.
3, 5
What are the prime factors of (-532)/(-10) + (-1)/5?
53
Let m(p) = p**2 + 2*p - 4. Let h be m(-6). Suppose -5 = 4*f + 11, 4*o - 3*f = h. Suppose -3*s + 43 = o*n, -3*s + 2*n - 2 = -25. List the prime factors of s.
